{"id":126,"date":"2024-10-08T18:18:17","date_gmt":"2024-10-08T18:18:17","guid":{"rendered":"https:\/\/quirky-jang.54-37-30-71.plesk.page\/?page_id=126"},"modified":"2024-10-17T15:33:38","modified_gmt":"2024-10-17T15:33:38","slug":"tarifs","status":"publish","type":"page","link":"https:\/\/nonoshow.fr\/index.php\/tarifs\/","title":{"rendered":"Tarifs"},"content":{"rendered":"<p>[vc_row full_width=\u00a0\u00bbstretch_row\u00a0\u00bb css=\u00a0\u00bb.vc_custom_1728913194740{background-color: #f5f0ea !important;}\u00a0\u00bb][vc_column][vc_column_text css=\u00a0\u00bb.vc_custom_1729179215933{margin-bottom: 30px !important;}\u00a0\u00bb]<\/p>\n<h1 style=\"text-align: center;\">Choisissez la formule qui vous correspond !<\/h1>\n<h3 style=\"text-align: center;\">Chez NonoShow, nous avons con\u00e7u une grille tarifaire simple et flexible, adapt\u00e9e \u00e0 vos besoins en tant que professionnel, quelle que soit la taille de votre activit\u00e9. Nous savons que chaque structure est unique, c\u2019est pourquoi nous offrons plusieurs formules d\u2019abonnement qui vous permettent de choisir la solution qui correspond le mieux \u00e0 vos attentes.<\/h3>\n<p>[\/vc_column_text][vc_row_inner][vc_column_inner width=\u00a0\u00bb1\/2&Prime;][vc_single_image image=\u00a0\u00bb230&Prime; img_size=\u00a0\u00bbfull\u00a0\u00bb alignment=\u00a0\u00bbcenter\u00a0\u00bb onclick=\u00a0\u00bbcustom_link\u00a0\u00bb el_class=\u00a0\u00bbimg4&Prime; link=\u00a0\u00bbhttps:\/\/buy.stripe.com\/eVa5nFat687Zg8w007&Prime;][vc_single_image image=\u00a0\u00bb232&Prime; img_size=\u00a0\u00bbfull\u00a0\u00bb alignment=\u00a0\u00bbcenter\u00a0\u00bb onclick=\u00a0\u00bbcustom_link\u00a0\u00bb el_class=\u00a0\u00bbimg4&Prime; link=\u00a0\u00bbhttps:\/\/buy.stripe.com\/9AQ6rJcBeag78G4fZ3&Prime;][\/vc_column_inner][vc_column_inner width=\u00a0\u00bb1\/2&Prime;][vc_single_image image=\u00a0\u00bb233&Prime; img_size=\u00a0\u00bbfull\u00a0\u00bb alignment=\u00a0\u00bbcenter\u00a0\u00bb onclick=\u00a0\u00bbcustom_link\u00a0\u00bb el_class=\u00a0\u00bbimg4&Prime; link=\u00a0\u00bbhttps:\/\/buy.stripe.com\/00gbM39p21JB1dC28e\u00a0\u00bb][vc_single_image image=\u00a0\u00bb231&Prime; img_size=\u00a0\u00bbfull\u00a0\u00bb alignment=\u00a0\u00bbcenter\u00a0\u00bb onclick=\u00a0\u00bbcustom_link\u00a0\u00bb el_class=\u00a0\u00bbimg4&Prime; link=\u00a0\u00bbhttps:\/\/buy.stripe.com\/3cs4jBbxa2NFbSg9AI\u00a0\u00bb][\/vc_column_inner][\/vc_row_inner][vc_column_text]<\/p>\n<h1 style=\"text-align: center;\" data-olk-copy-source=\"MessageBody\"><span style=\"color: #614c61;\">Important !<\/span><\/h1>\n<h3 style=\"text-align: center;\" data-olk-copy-source=\"MessageBody\">NonoShow est actuellement en phase de pr\u00e9-lancement ! En vous abonnant maintenant, vous r\u00e9servez votre place en tant qu\u2019utilisateur privil\u00e9gi\u00e9 avant le lancement officiel de notre plateforme. Le paiement que vous effectuez aujourd\u2019hui est unique et ne sera pr\u00e9lev\u00e9 qu\u2019une seule fois avant l\u2019ouverture du site. Vous ne serez factur\u00e9 \u00e0 nouveau qu\u2019apr\u00e8s le lancement officiel, lorsque vous aurez pleinement acc\u00e8s \u00e0 nos services.<\/h3>\n<h3 style=\"text-align: center;\">Profitez de nos offres sp\u00e9ciales pour les premiers inscrits et soyez parmi les premiers \u00e0 b\u00e9n\u00e9ficier d\u2019une solution innovante qui r\u00e9volutionne la gestion des rendez-vous !<\/h3>\n<p>[\/vc_column_text][\/vc_column][\/vc_row][vc_row full_width=\u00a0\u00bbstretch_row\u00a0\u00bb][vc_column el_class=\u00a0\u00bbgrillept\u00a0\u00bb][vc_column_text]<\/p>\n<h1>Comprendre notre grille tarifaire<\/h1>\n<div><\/div>\n<div dir=\"ltr\"><\/div>\n<h3>Nos formules d\u2019abonnement :<\/h3>\n<div dir=\"ltr\">\n<h4 data-olk-copy-source=\"MessageBody\"><strong>1. Formule Light &#8211; 6 mois (120 \u20ac pour 6 mois)<\/strong><\/h4>\n<h4>Cette formule est id\u00e9ale pour un premier engagement court tout en b\u00e9n\u00e9ficiant de l\u2019ensemble des services de NonoShow.<\/h4>\n<p><h8>\u2022\u2002\u2002\u2002\u2002\u2002Prix : 120 \u20ac pour 6 mois<\/h8><br \/>\n<h8>\u2022\u2002\u2002\u2002\u2002\u2002Avantages : Acc\u00e8s complet \u00e0 tous les services NonoShow pour 6 mois.<\/h8><\/p>\n<h4><\/h4>\n<h4>2. Formule Light &#8211; 1 an (180 \u20ac pour 12 mois)<\/h4>\n<h4>Cette formule permet de s\u2019engager sur une plus longue dur\u00e9e \u00e0 un tarif r\u00e9duit par rapport \u00e0 la formule de 6 mois.<\/h4>\n<p><h8>\u2022\u2002\u2002\u2002\u2002\u2002Prix : 180 \u20ac pour 12 mois<\/h8><br \/>\n<h8>\u2022\u2002\u2002\u2002\u2002\u2002Avantages : Id\u00e9ale pour ceux qui souhaitent s\u2019engager sur le long terme \u00e0 un prix avantageux.<\/h8><\/p>\n<h4><\/h4>\n<h4>3. Formule Avanc\u00e9e &#8211; 6 mois (20 \u20ac par mois pour 6 mois)<\/h4>\n<h4>Cette formule propose un abonnement de 6 mois avec un paiement mensuel pour plus de souplesse.<\/h4>\n<p><h8>\u2002\u2022\u2002\u2002\u2002\u2002\u2002Prix : 20 \u20ac par mois, soit 120 \u20ac pour 6 mois<\/h8><br \/>\n<h8>\u2002\u2022\u2002\u2002\u2002\u2002\u2002Avantages : Une option flexible pour un engagement de 6 mois avec un paiement mensuel.<\/h8><\/p>\n<h4><\/h4>\n<h4>4. Formule Avanc\u00e9e &#8211; 1 an (15 \u20ac par mois pour 1 an)<\/h4>\n<h4>Pour ceux qui pr\u00e9f\u00e8rent une gestion mensuelle de leurs paiements tout en s\u2019engageant sur une dur\u00e9e de 12 mois.<\/h4>\n<p><h8>\u2002\u2022\u2002\u2002\u2002\u2002\u2002Prix : 15 \u20ac par mois, soit 180 \u20ac pour 12 mois<\/h8><\/div>\n<p><h8>\u2002\u2022\u2002\u2002\u2002\u2002\u2002Avantages : L\u2019abonnement annuel avec paiement mensuel offre la meilleure flexibilit\u00e9 financi\u00e8re.<\/h8>[\/vc_column_text][vc_column_text el_class=\u00a0\u00bbboxs\u00a0\u00bb]<\/p>\n<h1 style=\"text-align: center;\">Offre sp\u00e9ciale pour les 100 premiers clients :<\/h1>\n<h4 dir=\"ltr\" style=\"text-align: center;\"><\/h4>\n<h4 style=\"text-align: center;\">Que vous choisissiez la formule Light ou Avanc\u00e9e, profitez d\u2019une offre exceptionnelle : 1 mois, 6 mois ou 1 an gratuits pour les 100 premiers clients. C\u2019est notre fa\u00e7on de vous remercier de rejoindre la communaut\u00e9 NonoShow et de vous offrir un d\u00e9marrage sans risque.<\/h4>\n<p>[\/vc_column_text][vc_column_text]<\/p>\n<h4><span data-olk-copy-source=\"MessageBody\">Si vous optez pour un abonnement mensuel ou annuel, notre grille tarifaire est con\u00e7ue pour vous offrir la libert\u00e9 et la tranquillit\u00e9 d\u2019esprit dont vous avez besoin pour vous concentrer sur votre c\u0153ur de m\u00e9tier. Rejoignez-nous et d\u00e9couvrez comment NonoShow peut r\u00e9volutionner la gestion de vos rendez-vous d\u00e8s aujourd\u2019hui !<\/span><\/h4>\n<p>[\/vc_column_text][\/vc_column][\/vc_row]<\/p>\n","protected":false},"excerpt":{"rendered":"<p>[vc_row full_width=\u00a0\u00bbstretch_row\u00a0\u00bb css=\u00a0\u00bb.vc_custom_1728913194740{background-color: #f5f0ea !important;}\u00a0\u00bb][vc_column][vc_column_text css=\u00a0\u00bb.vc_custom_1729179215933{margin-bottom: 30px !important;}\u00a0\u00bb] Choisissez la formule qui vous correspond ! Chez NonoShow, nous avons con\u00e7u une grille tarifaire simple et flexible, adapt\u00e9e \u00e0 vos besoins en tant que professionnel, quelle que soit la taille de votre activit\u00e9. Nous savons que chaque structure est unique, c\u2019est pourquoi nous offrons plusieurs formules &hellip;<\/p>\n","protected":false},"author":1,"featured_media":0,"parent":0,"menu_order":0,"comment_status":"closed","ping_status":"closed","template":"","meta":{"footnotes":""},"class_list":["post-126","page","type-page","status-publish","hentry"],"yoast_head":"<!-- This site is optimized with the Yoast SEO plugin v23.6 - https:\/\/yoast.com\/wordpress\/plugins\/seo\/ -->\n<title>Tarifs - Nonoshow<\/title>\n<meta name=\"robots\" content=\"index, follow, max-snippet:-1, max-image-preview:large, max-video-preview:-1\" \/>\n<link rel=\"canonical\" href=\"https:\/\/nonoshow.fr\/index.php\/tarifs\/\" \/>\n<meta property=\"og:locale\" content=\"fr_FR\" \/>\n<meta property=\"og:type\" content=\"article\" \/>\n<meta property=\"og:title\" content=\"Tarifs - Nonoshow\" \/>\n<meta property=\"og:description\" content=\"[vc_row full_width=\u00a0\u00bbstretch_row\u00a0\u00bb css=\u00a0\u00bb.vc_custom_1728913194740{background-color: #f5f0ea !important;}\u00a0\u00bb][vc_column][vc_column_text css=\u00a0\u00bb.vc_custom_1729179215933{margin-bottom: 30px !important;}\u00a0\u00bb] Choisissez la formule qui vous correspond ! Chez NonoShow, nous avons con\u00e7u une grille tarifaire simple et flexible, adapt\u00e9e \u00e0 vos besoins en tant que professionnel, quelle que soit la taille de votre activit\u00e9. Nous savons que chaque structure est unique, c\u2019est pourquoi nous offrons plusieurs formules &hellip;\" \/>\n<meta property=\"og:url\" content=\"https:\/\/nonoshow.fr\/index.php\/tarifs\/\" \/>\n<meta property=\"og:site_name\" content=\"Nonoshow\" \/>\n<meta property=\"article:modified_time\" content=\"2024-10-17T15:33:38+00:00\" \/>\n<meta name=\"twitter:card\" content=\"summary_large_image\" \/>\n<meta name=\"twitter:label1\" content=\"Dur\u00e9e de lecture estim\u00e9e\" \/>\n\t<meta name=\"twitter:data1\" content=\"3 minutes\" \/>\n<script type=\"application\/ld+json\" class=\"yoast-schema-graph\">{\"@context\":\"https:\/\/schema.org\",\"@graph\":[{\"@type\":\"WebPage\",\"@id\":\"https:\/\/nonoshow.fr\/index.php\/tarifs\/\",\"url\":\"https:\/\/nonoshow.fr\/index.php\/tarifs\/\",\"name\":\"Tarifs - Nonoshow\",\"isPartOf\":{\"@id\":\"https:\/\/nonoshow.fr\/#website\"},\"datePublished\":\"2024-10-08T18:18:17+00:00\",\"dateModified\":\"2024-10-17T15:33:38+00:00\",\"breadcrumb\":{\"@id\":\"https:\/\/nonoshow.fr\/index.php\/tarifs\/#breadcrumb\"},\"inLanguage\":\"fr-FR\",\"potentialAction\":[{\"@type\":\"ReadAction\",\"target\":[\"https:\/\/nonoshow.fr\/index.php\/tarifs\/\"]}]},{\"@type\":\"BreadcrumbList\",\"@id\":\"https:\/\/nonoshow.fr\/index.php\/tarifs\/#breadcrumb\",\"itemListElement\":[{\"@type\":\"ListItem\",\"position\":1,\"name\":\"Accueil\",\"item\":\"https:\/\/nonoshow.fr\/\"},{\"@type\":\"ListItem\",\"position\":2,\"name\":\"Tarifs\"}]},{\"@type\":\"WebSite\",\"@id\":\"https:\/\/nonoshow.fr\/#website\",\"url\":\"https:\/\/nonoshow.fr\/\",\"name\":\"Nonoshow\",\"description\":\"\",\"publisher\":{\"@id\":\"https:\/\/nonoshow.fr\/#organization\"},\"potentialAction\":[{\"@type\":\"SearchAction\",\"target\":{\"@type\":\"EntryPoint\",\"urlTemplate\":\"https:\/\/nonoshow.fr\/?s={search_term_string}\"},\"query-input\":{\"@type\":\"PropertyValueSpecification\",\"valueRequired\":true,\"valueName\":\"search_term_string\"}}],\"inLanguage\":\"fr-FR\"},{\"@type\":\"Organization\",\"@id\":\"https:\/\/nonoshow.fr\/#organization\",\"name\":\"Nonoshow\",\"url\":\"https:\/\/nonoshow.fr\/\",\"logo\":{\"@type\":\"ImageObject\",\"inLanguage\":\"fr-FR\",\"@id\":\"https:\/\/nonoshow.fr\/#\/schema\/logo\/image\/\",\"url\":\"https:\/\/nonoshow.fr\/wp-content\/uploads\/2024\/10\/Capture-decran-2024-10-02-154636.png\",\"contentUrl\":\"https:\/\/nonoshow.fr\/wp-content\/uploads\/2024\/10\/Capture-decran-2024-10-02-154636.png\",\"width\":366,\"height\":120,\"caption\":\"Nonoshow\"},\"image\":{\"@id\":\"https:\/\/nonoshow.fr\/#\/schema\/logo\/image\/\"}}]}<\/script>\n<!-- \/ Yoast SEO plugin. -->","yoast_head_json":{"title":"Tarifs - Nonoshow","robots":{"index":"index","follow":"follow","max-snippet":"max-snippet:-1","max-image-preview":"max-image-preview:large","max-video-preview":"max-video-preview:-1"},"canonical":"https:\/\/nonoshow.fr\/index.php\/tarifs\/","og_locale":"fr_FR","og_type":"article","og_title":"Tarifs - Nonoshow","og_description":"[vc_row full_width=\u00a0\u00bbstretch_row\u00a0\u00bb css=\u00a0\u00bb.vc_custom_1728913194740{background-color: #f5f0ea !important;}\u00a0\u00bb][vc_column][vc_column_text css=\u00a0\u00bb.vc_custom_1729179215933{margin-bottom: 30px !important;}\u00a0\u00bb] Choisissez la formule qui vous correspond ! Chez NonoShow, nous avons con\u00e7u une grille tarifaire simple et flexible, adapt\u00e9e \u00e0 vos besoins en tant que professionnel, quelle que soit la taille de votre activit\u00e9. Nous savons que chaque structure est unique, c\u2019est pourquoi nous offrons plusieurs formules &hellip;","og_url":"https:\/\/nonoshow.fr\/index.php\/tarifs\/","og_site_name":"Nonoshow","article_modified_time":"2024-10-17T15:33:38+00:00","twitter_card":"summary_large_image","twitter_misc":{"Dur\u00e9e de lecture estim\u00e9e":"3 minutes"},"schema":{"@context":"https:\/\/schema.org","@graph":[{"@type":"WebPage","@id":"https:\/\/nonoshow.fr\/index.php\/tarifs\/","url":"https:\/\/nonoshow.fr\/index.php\/tarifs\/","name":"Tarifs - Nonoshow","isPartOf":{"@id":"https:\/\/nonoshow.fr\/#website"},"datePublished":"2024-10-08T18:18:17+00:00","dateModified":"2024-10-17T15:33:38+00:00","breadcrumb":{"@id":"https:\/\/nonoshow.fr\/index.php\/tarifs\/#breadcrumb"},"inLanguage":"fr-FR","potentialAction":[{"@type":"ReadAction","target":["https:\/\/nonoshow.fr\/index.php\/tarifs\/"]}]},{"@type":"BreadcrumbList","@id":"https:\/\/nonoshow.fr\/index.php\/tarifs\/#breadcrumb","itemListElement":[{"@type":"ListItem","position":1,"name":"Accueil","item":"https:\/\/nonoshow.fr\/"},{"@type":"ListItem","position":2,"name":"Tarifs"}]},{"@type":"WebSite","@id":"https:\/\/nonoshow.fr\/#website","url":"https:\/\/nonoshow.fr\/","name":"Nonoshow","description":"","publisher":{"@id":"https:\/\/nonoshow.fr\/#organization"},"potentialAction":[{"@type":"SearchAction","target":{"@type":"EntryPoint","urlTemplate":"https:\/\/nonoshow.fr\/?s={search_term_string}"},"query-input":{"@type":"PropertyValueSpecification","valueRequired":true,"valueName":"search_term_string"}}],"inLanguage":"fr-FR"},{"@type":"Organization","@id":"https:\/\/nonoshow.fr\/#organization","name":"Nonoshow","url":"https:\/\/nonoshow.fr\/","logo":{"@type":"ImageObject","inLanguage":"fr-FR","@id":"https:\/\/nonoshow.fr\/#\/schema\/logo\/image\/","url":"https:\/\/nonoshow.fr\/wp-content\/uploads\/2024\/10\/Capture-decran-2024-10-02-154636.png","contentUrl":"https:\/\/nonoshow.fr\/wp-content\/uploads\/2024\/10\/Capture-decran-2024-10-02-154636.png","width":366,"height":120,"caption":"Nonoshow"},"image":{"@id":"https:\/\/nonoshow.fr\/#\/schema\/logo\/image\/"}}]}},"_links":{"self":[{"href":"https:\/\/nonoshow.fr\/index.php\/wp-json\/wp\/v2\/pages\/126","targetHints":{"allow":["GET"]}}],"collection":[{"href":"https:\/\/nonoshow.fr\/index.php\/wp-json\/wp\/v2\/pages"}],"about":[{"href":"https:\/\/nonoshow.fr\/index.php\/wp-json\/wp\/v2\/types\/page"}],"author":[{"embeddable":true,"href":"https:\/\/nonoshow.fr\/index.php\/wp-json\/wp\/v2\/users\/1"}],"replies":[{"embeddable":true,"href":"https:\/\/nonoshow.fr\/index.php\/wp-json\/wp\/v2\/comments?post=126"}],"version-history":[{"count":36,"href":"https:\/\/nonoshow.fr\/index.php\/wp-json\/wp\/v2\/pages\/126\/revisions"}],"predecessor-version":[{"id":311,"href":"https:\/\/nonoshow.fr\/index.php\/wp-json\/wp\/v2\/pages\/126\/revisions\/311"}],"wp:attachment":[{"href":"https:\/\/nonoshow.fr\/index.php\/wp-json\/wp\/v2\/media?parent=126"}],"curies":[{"name":"wp","href":"https:\/\/api.w.org\/{rel}","templated":true}]}}